 the prime factors of 6565289?
41, 47, 3407
List the prime factors of 31830749.
17, 83, 1327
What are the prime factors of 32857041?
3, 7, 23, 59, 1153
List the prime factors of 2366442.
2, 3, 13, 3371
What are the prime factors of 312697?
7, 11, 31, 131
List the prime factors of 317968.
2, 7, 17, 167
What are the prime factors of 1297558?
2, 648779
List the prime factors of 10742883.
3, 1109, 3229
List the prime factors of 5952822.
2, 3, 17, 3433
What are the prime factors of 341786?
2, 73, 2341
What are the prime factors of 141547?
7, 73, 277
What are the prime factors of 1001474?
2, 293, 1709
List the prime factors of 8156565.
3, 5, 31, 1949
What are the prime factors of 155255?
5, 31051
What are the prime factors of 1060320?
2, 3, 5, 47
What are the prime factors of 70367?
11, 6397
List the prime factors of 2629640.
2, 5, 13, 389
What are the prime factors of 10389808?
2, 11, 13, 19, 239
What are the prime factors of 6395962?
2, 937, 3413
List the prime factors of 201974.
2, 100987
List the prime factors of 881484.
2, 3, 17, 29, 149
What are the prime factors of 27818355?
3, 5, 761, 2437
List the prime factors of 13459746.
2, 3, 173, 12967
List the prime factors of 226636.
2, 56659
What are the prime factors of 478902?
2, 3, 79817
What are the prime factors of 3700738?
2, 1850369
What are the prime factors of 2202706?
2, 11, 59, 1697
List the prime factors of 2372747.
13, 182519
List the prime factors of 798990.
2, 3, 5, 26633
List the prime factors of 5059133.
5059133
List the prime factors of 67257.
3, 47, 53
What are the prime factors of 32214154?
2, 7, 2301011
What are the prime factors of 153660?
2, 3, 5, 13, 197
List the prime factors of 1552124.
2, 7, 7919
What are the prime factors of 95185?
5, 19037
What are the prime factors of 1880558?
2, 940279
What are the prime factors of 2743240?
2, 5, 68581
What are the prime factors of 33345?
3, 5, 13, 19
List the prime factors of 3238887.
3, 1079629
List the prime factors of 543708.
2, 3, 11, 1373
List the prime factors of 6277450.
2, 5, 223, 563
List the prime factors of 9666921.
3, 11, 457, 641
List the prime factors of 233055.
3, 5, 5179
What are the prime factors of 4626439?
4626439
List the prime factors of 12241566.
2, 3, 23, 29569
What are the prime factors of 362603?
479, 757
List the prime factors of 41856.
2, 3, 109
List the prime factors of 16469276.
2, 19, 139, 1559
What are the prime factors of 5983990?
2, 5, 598399
List the prime factors of 4174081.
37, 3049
List the prime factors of 43631925.
3, 5, 107, 5437
List the prime factors of 1462396.
2, 13, 28123
List the prime factors of 171391.
11, 15581
What are the prime factors of 443190?
2, 3, 5, 11, 17, 79
What are the prime factors of 166524?
2, 3, 13877
What are the prime factors of 6899054?
2, 347, 9941
List the prime factors of 1008686.
2, 7, 109, 661
What are the prime factors of 1344293?
337, 3989
What are the prime factors of 2450624?
2, 11, 59
List the prime factors of 5503369.
19, 163, 1777
List the prime factors of 1558580.
2, 5, 77929
What are the prime factors of 303180?
2, 3, 5, 31, 163
What are the prime factors of 25103527?
25103527
List the prime factors of 452902.
2, 226451
List the prime factors of 8632339.
373, 23143
What are the prime factors of 270164?
2, 17, 29, 137
List the prime factors of 314887.
19, 16573
What are the prime factors of 1261088?
2, 39409
List the prime factors of 5853201.
3, 23, 41, 2069
List the prime factors of 5965070.
2, 5, 596507
What are the prime factors of 4405008?
2, 3, 91771
List the prime factors of 3773920.
2, 5, 103, 229
List the prime factors of 1848597.
3, 17, 67, 541
What are the prime factors of 348392?
2, 11, 37, 107
List the prime factors of 203179.
199, 1021
What are the prime factors of 316748?
2, 79187
What are the prime factors of 245088?
2, 3, 23, 37
List the prime factors of 506660.
2, 5, 7, 11, 47
List the prime factors of 3000923.
397, 7559
List the prime factors of 6100833.
3, 2033611
What are the prime factors of 211532?
2, 52883
What are the prime factors of 1141900?
2, 5, 19, 601
What are the prime factors of 114156?
2, 3, 7, 151
List the prime factors of 2091104.
2, 101, 647
List the prime factors of 12045363.
3, 11, 53, 71, 97
What are the prime factors of 16832406?
2, 3, 269, 10429
List the prime factors of 4835863.
37, 130699
List the prime factors of 40084287.
3, 13361429
List the prime factors of 5268439.
11, 439, 1091
List the prime factors of 3375690.
2, 3, 5, 17, 6619
What are the prime factors of 5138339?
1051, 4889
What are the prime factors of 235317?
3, 78439
What are the prime factors of 490692?
2, 3, 103, 397
What are the prime factors of 7346060?
2, 5, 89, 4127
List the prime factors of 1729287.
3, 7, 27449
List the prime factors of 2107609.
7, 17, 89, 199
List the prime factors of 1445911.
29, 73, 683
List the prime factors of 1105427.
1105427
What are the prime factors of 8482219?
8482219
List the prime factors of 104319.
3, 67, 173
List the prime factors of 12679222.
2, 6339611
What are the prime factors of 25685205?
3, 5, 7, 13, 31, 607
What are the prime factors of 637476?
2, 3, 7, 7589
List the prime factors of 220662.
2, 3, 13, 23, 41
List the prime factors of 320175.
3, 5, 1423
What are the prime factors of 514856?
2, 139, 463
What are the prime factors of 2626889?
37, 70997
List the prime factors of 2831464.
2, 43, 8231
List the prime factors of 783067.
47, 16661
What are the prime factors of 2917639?
2917639
What are the prime factors of 3257277?
3, 421, 2579
List the prime factors of 506574.
2, 3, 53, 59
List the prime factors of 12185854.
2, 6092927
What are the prime factors of 141734?
2, 70867
What are the prime factors of 1044973?
17, 61469
List the prime factors of 151865.
5, 7, 4339
What are the prime factors of 762847?
762847
List the prime factors of 6119622.
2, 3, 127, 2677
What are the prime factors of 361911?
3, 11, 997
List the prime factors of 291380.
2, 5, 17, 857
What are the prime factors of 499250?
2, 5, 1997
List the prime factors of 31655178.
2, 3, 19, 30853
List the prime factors of 1794635.
5, 151, 2377
List the prime factors of 393186.
2, 3, 19, 3449
List the prime factors of 141404.
2, 23, 29, 53
List the prime factors of 1052359.
7, 11, 79, 173
List the prime factors of 2630740.
2, 5, 7, 19, 23, 43
List the prime factors of 6407459.
59, 223, 487
List the prime factors of 585167.
11, 53197
List the prime factors of 163542.
2, 3, 97, 281
List the prime factors of 301882.
2, 7, 21563
List the prime factors of 452839.
241, 1879
What are the prime factors of 2718346?
2, 1359173
List the prime factors of 531568.
2, 33223
List the prime factors of 16333130.
2, 5, 11, 148483
List the prime factors of 8463362.
2, 571, 7411
What are the prime factors of 1254205?
5, 250841
What are the prime factors of 13828846?
2, 19, 363917
What are the prime factors of 3544010?
2, 5, 354401
What are the prime factors of 550506?
2, 3, 11, 19, 439
List the prime factors of 294736.
2, 13, 109
What are the prime factors of 1013045?
5, 11, 113, 163
What are the prime factors of 1447360?
2, 5, 4523
What are the prime factors of 261419?
197, 1327
What are the prime factors of 8757665?
5, 7, 59, 4241
What are the prime factors of 439326?
2, 3, 24407
List the prime factors of 5353292.
2, 7, 191189
List the prime factors of 3290969.
11, 299179
List the prime factors of 11609398.
2, 43, 61, 2213
What are the prime factors of 1429085?
5, 7, 19, 307
What are the prime factors of 2396793?
3, 7, 19, 6007
List the prime factors of 3580836.
2, 3, 7, 47, 907
List the prime factors of 281109.
3, 93703
List the prime factors of 15527905.
5, 29, 107089
List the prime factors of 9924868.
2, 23, 233, 463
What are the prime factors of 49863?
3, 11, 1511
What are the prime factors of 1679380?
2, 5, 83969
List the prime factors of 1665489.
3, 7, 79309
What are the prime factors of 15467014?
2, 43, 179849
What are the prime factors of 52477?
97, 541
What are the prime factors of 516510?
2, 3, 5, 1913
List the prime factors of 6387559.
6387559
What are the prime factors of 191731?
109, 1759
What are the prime factors of 272628?
2, 3, 7573
What are the prime factors of 17886401?
13, 1375877
List the prime factors of 596362.
2, 13, 22937
What are the pr